12).
-4
-3 + (2 + -2 - (-4 - -1))
0
What is -16 + 4 + (5 - 1)?
-8
What is -4 + 5 - (-1 - 1)?
3
What is 0 + (-2 - (-1 - 0)) + 5?
4
-6 + -2 + 3 + 4
-1
Calculate (-6 + 3 - -6) + -10 - -4.
-3
0 - (-4 + 6 - -2) - 1
-5
Evaluate 0 + (-1 - 6) - -7.
0
Evaluate (4 - 3) + 4 + -5 - 0.
0
-6 + 13 + (1 - 5) - 8
-5
What is the value of (-79 - -89) + 0 + (0 - 1)?
9
What is the value of -6 - -2 - (10 + -11)?
-3
Evaluate -1 - -3 - (16 + -19).
5
What is (-24 - -19) + (0 - -8)?
3
What is the value of 1 - 2 - (-2 + 0)?
1
Evaluate 10 + (-9 - 10) - -1.
-8
Evaluate 16 - 1 - (162 + -152).
5
Calculate -10 + 14 + -2 + -1.
1
Calculate (-30 - -23) + 9 + 1.
3
Evaluate -83 + 77 - (-2 + 1 + 0).
-5
Calculate 14 - (8 + -3 - -2).
7
Calculate 4 + 0 + -6 + 0.
-2
0 - (-14 - (-15 - -8))
7
Calculate 2 - 10 - (0 - 4 - -2).
-6
What is 2 + (-8 + 3 - -4)?
1
What is 15 - 5 - (11 + -1)?
0
What is the value of 0 + (7 - 4) + 6 + -2?
7
Evaluate -2 + -2 - (30 + -31).
-3
3 - (0 + 0 + -1)
4
What is (-17 - -14) + 1 + -2?
-4
Evaluate -8 + (-9 - (-2 + -6)).
-9
Evaluate -3 + 13 + (-8 - -2).
4
7 + -7 + 3 - 5
-2
What is the value of 6 - (3 - (-7 - -1))?
-3
What is the value of (11 - 14) + -7 - 0?
-10
(-9 - 6) + 10 + -2 + 0
-7
What is (15 + -10 - 12) + 11?
4
1 + 2 + (0 - 6)
-3
What is -5 - (4 - (-1 - (1 + -6)))?
-5
Calculate 14 + (-5 - 12) + (0 - 4).
-7
What is the value of 3 - 9 - -13 - (1 - -1)?
5
What is the value of 1 - -1 - (9 - 10)?
3
Evaluate -1 + (1 - -3) + (-5 - -2).
0
Evaluate -1 + (5 + -2 - -2) + -8.
-4
-10 - (-10 + (3 - -1))
-4
Calculate -1 + 2 - (6 + -1 + 2).
-6
What is 3 + (7 + -25 - -12)?
-3
Calculate 2 + (0 - -8) + -7 + 7.
10
Calculate (-2 + 4 + -10 - -9) + 9.
10
Evaluate (0 - (0 + 1)) + -3 + 7.
3
Calculate -16 - (90 + -85 + -11 + -1).
-9
What is ((-3 - 2) + 4 - -7) + -15?
-9
Calculate 8 + (0 - 3 - 0).
5
-1 - (-3 + 3 + -1) - 0
0
What is 2 - (6 - 1 - 6)?
3
-1 + 2 + -3 + -2 - 0
-4
Calculate -9 + (-2 - (-3 + -7)) + -3.
-4
-9 + (-1 - -2) + 200 + -198
-6
43 + -30 - ((5 - -2) + -1)
7
What is -4 + -9 + (-7 - -18)?
-2
-3 + 2 + 1 + 1 + 7
8
Evaluate -3 + (-3 - (1 + -7)) - 1.
-1
Evaluate 3 + (1 - 1) + -1.
2
What is (-16 - -22) + (-1 - 2)?
3
Evaluate 0 + 0 - (-5 + 5 + -3).
3
-4 - 24 - -13 - -9
-6
What is the value of -4 + -4 + 5 + (1 - -1)?
-1
2 + 1 - -4 - (-1 - -3)
5
What is the value of -1 - (-9 + 11) - (-1 + 2)?
-4
What is the value of -2 + (7 - (6 + -1)) - 4?
-4
What is the value of -7 + 0 - (-5 - 4)?
2
Evaluate 2 - (-2 - 0 - 4).
8
What is the value of (2 - 10 - -2) + (7 - 4)?
-3
Calculate (5 - (6 + -4)) + -5.
-2
Evaluate 5 + -2 + -4 + 3 + 1.
3
Evaluate 75 + -72 + -6 + 2.
-1
Calculate (-4 - (15 + -12)) + 9.
2
What is the value of (5 - 2) + 0 + 2?
5
3 + 3 + 3 + -6
3
-6 - (7 + -18 + 6)
-1
4 - ((4 - -2) + 3) - -8
3
6 + (0 - 2) + -4
0
What is the value of (0 - -2 - -6) + (-20 - -19)?
7
Evaluate -3 + 2 + 2 - (5 + 3).
-7
What is (2 - (1 + -4)) + 1 + -6?
0
Calculate 0 - 8 - (-8 - (-7 - -5)).
-2
Calculate (1 - (1 + -6 - -9)) + 8.
5
What is the value of (1 - 3) + 6 + -1?
3
What is 0 + 1 - (-5 + 3 + 9)?
-6
What is -1 + (-7 - (-4 - 7))?
3
Evaluate -6 - (-1 - -3 - (-2 - -6)).
-4
Evaluate 13 + -18 - (1 + 3 + -16).
7
What is -17 - -2 - (-12 - -4)?
-7
What is 2 + 5 - 2 - (-13 - -17)?
1
What is the value of 8 + (-13 - -15) - 12?
-2
What is (2 - 1 - 2) + -6 + 6?
-1
(-8 + 8 - 9) + 13
4
What is the value of -1 + 6 + (-2 - 2)?
1
What is the value of -1 + (-7 + 3 - (-2 + -1))?
-2
What is the value of -12 + 23 + -4 + -1 - 13?
-7
Calculate -28 - -27 - (-1 + 0) - -9.
9
What is the value of 0 + 3 + (2 - 1) - 1?
3
(2 + -1 - -6) + -6
1
Calculate (4 - 6) + -2 + -1.
-5
What is the value of (-11 - (11 - 9)) + 21?
8
Calculate (-2 - -3 - 2) + 4.
3
(-6 - 0) + (9 - 6) - -2
-1
What is 17 - 15 - (2 - 3)?
3
Calculate -11 + (9 - -7 - -4).
9
Calculate (-2 - (5 - 8)) + -1.
0
What is -4 + (18 - 9 - (3 - 4))?
6
-1 + 0 - (0 + 3)
-4
Evaluate 0 + (4 - 2) + -6.
-4
What is the value of -1 + 2 + (6 - 12)?
-5
What is the value of -1 - -3 - -5 - 3 - 7?
-3
What is 6 + (5 + -7 - 3) - 1?
0
What is (7 - 14) + 5 + -2 + 3?
-1
What is (4 + -6 - 0) + 1?
-1
-39 + 41 + (-6 - 1)
-5
Calculate -7 - (-12 - (11 - 16)).
0
Evaluate 0 + (1 - -5 - (19 + -21)).
8
Calculate (10 - 8 - 7) + (-1 - 0).
-6
What is 0 - (7 - (3 + -1))?
-5
What is 9 - (2 - -3) - 4?
0
What is (0 - (-4 + 1 + -6)) + -5?
4
(-7 + (17 - 7) - -2) + -10
-5
Evaluate 4 + (-7 - (-2 - -3) - -4).
0
-4 + 2 + (-3 - -3)
-2
What is -1 + -5 + (1 - -2)?
-3
Evaluate 2 + (-7 - (-6 + 7)).
-6
What is -1 - (16 - 15 - (0 + 1))?
-1
What is the value of 7 - (-4 + (1 - -7))?
3
What is the value of (-1 - (-1 - 3)) + -3?
0
What is (1 - 4) + (5 - 17 - -12)?
-3
Evaluate -4 + (4 - (-4 - -6)).
-2
20 + -13 + -19 + 2
-10
1 + 6 + -46 + 37
-2
Calculate (-1 - -2) + (-9 - -4) + 8.
4
Evaluate -4 + 1 - (0 + 1).
-4
What is 13 + -12 + 3 + 6?
10
Evaluate -4 + 4 + (4 - 4).
0
What is the value of -2 + 4 + -5 - (7 + -8)?
-2
34 + -36 + -2 + 2 + -1
-3
-4 - ((2 - 5 - -4) + -6)
1
Evaluate 3 + 5 + 3 + -9.
2
Calculate 1 + -3 - (-55 - -50).
3
What is the value of 3 + -2 - (-28 - -26)?
3
What is -11 + (5 - (-8 - -8)) - -9?
3
Calculate 15 + (-18 - -6) + 1.
4
Evaluate (-3 - -1) + -6 + 13.
5
Calculate 1 + -1 + (86 - 94).
-8
Evaluate 18 + -18 - (2 - 1).
-1
What is the value of -2 + 0 + (-68 - -73)?
3
What is the value of 4 - (-3 + 0 - -11)?
-4
What is the value of -38 + 41 + (1 - (-2 - -1))?
5
Calculate (-122 - -112) + 0 + 8.
-2
Evaluate 1 - 1 - (4 - 0 - 3).
-1
Calculate (2 + -8 - -2) + -1 + 3.
-2
Calculate 5 + -2 - (-1 - -1 - 0).
3
Calculate -1 + -6 + -2 + -2 + 4.
-7
What is the value of 2 + 0 - (0 - (0 + 0))?
2
What is the value of 5 + 20 + -19 + (1 - 1)?
6
14 + 1 + 50 + -58
7
What is the value of (-12 - -6) + (1 - -3)?
-2
Calculate -2 - -2 - -2 - (-3 - -1).
4
Calculate -2 - -2 - (6 - 2).
-4
Calculate -4 + (-4 - (-3 + 0 + -4)).
-1
What is 3 - (-2 - 2 - -2) - 2?
3
What is 1 - (-7 - 0) - 12?
-4
Calculate 23 - (-17 + 45) - (-1 + 1).
-5
Calculate (-4 - -11) + (2 - 4).
5
Evaluate 2 + -7 + -2 + 9 + 0.
2
What is 7 - 9 - (-3 + 0)?
1
What is -63 + 50 - (-1 + -7)?
-5
Calculate 1 + -1 + (5 - 10).
-5
What is the value of 0 + 0 - (35 - 24)?
-11
1 + -8 + (4 - -2)
-1
What is -5 + (-3 - (-9 + 2))?
-1
Calculate -2 + 4 + (-7 - 4) + 7.
-2
Calculate -5 - ((-1 - 12) + 5).
3
Evaluate 2 + -3 + (-4 - -2).
-3
What is -5 + 0 + (10 - 5)?
0
-2 - (-2 + 0 + 7 + 0)
-7
Evaluate 3 - ((-1 + 2 - -2) + -1).
1
What is the value of 1 + 4 - (56 + -48)?
-3
Evaluate 5 + -4 - (-5 + -1).
7
What is the value of -3 - (-1 - -4) - -6?
0
Calculate -9 + 22 - (1 + 5).
7
-3 + -4 + (-31 - -38)
0
What is the value of 3 - 0 - 2 - (-19 + 18)?
2
Calculate -9 - ((-13 - 9) + 13).
0
Evaluate (-2 + 5 - 4) + -2.
-3
-10 + (-5 - (0 + -9 + 5))
-11
Evaluate 76 + -70 + 1 + -9.
-2
What is -3 + 0 + (-42 - -49)?
4
What is 1 - 10 - (-62 - -57)?
-4
Calculate 2 + 1 + -5 + -7 + 4.
-5
-1 - (5 - 2 - 4)
0
Evaluate 6 - (0 + (2 - 0) + 1).
3
What is 11 + -1 - (30 - 24)?
4
-3 - (-3 - (-8 + 16))
8
(-12 - -6) + 2 + -4 + 2
-6
What is the value of -1 - (-1 + 6 + -5 + 0)?
-1
-11 - (6 + -5 + -8)
-4
What is -11 + 12 - (-1 + -3)?
5
What is -2 + (-3 - (3 - (2 - -1)))?
-5
Evaluate 2 - -2 - (2 + 3).
-1
Evaluate -1 + -8 + -2 + 11.
0
What is the value of (-6 - (3 + 5 + -11)) + 5?
2
What is -21 - (1 - 15) - (-1 + -4)?
-2
Calculate 4 + -4 + -1 + (1 - -4).
4
What is -11 + 12 - (1 - 2)?
2
Calculate (0 - 3) + (-5 - -8 - 4).
-4
Calculate (-3 - (7 - 19)) + -4.
5
Calculate -8 + (25 + -6 - 8).
3
What is the value of -1 - (-10 + 8 - (1 - 5))?
-3
-13 + 4 - (-2 - (0 - 2))
-9
What is the value of 1 + (-5 - (6 - 14)) + -10?
-6
3 + 2 + (-3 - -3) + -3
2
Evaluate (-2 - (-1 - 4) - 2) + 0.
1
9 - (3 - (-4 + 2)) - 5
-1
Calculate (-5 - (-24 - -4)) + -12.
3
What is the value of -2 + 3 + (2 - 1)?
2
What is -37 - -38 - ((-3 - -11) + -2)?
-5
Calculate -1 - 2 - -10 - (1 + 7).
-1
What is 1 + -1 - (-11 + 11)?
0
What is the value of 38 + -39 + 0 + 5?
4
What is -1 + 3 + (-2 - (9 - 4))?
-5
Evaluate 1 - (0 - 7 - -4).
4
What is the value of 16 + (-3 - 1) + -5?
7
What is the value of -5 - (-5 + (5 - 1)) - -4?
0
Evaluate (3 - 4) + -2 - 1.
-4
Evaluate (2 - 8) + 10 + -9.
-5
What is -8 + (0 - 1 - 3) + 8?
-4
Evaluate (-6 + 1 - -2) + -127 + 122.
-8
10 - (3 - -8) - 2
-3
(-6 - -4) + 0 + 3
1
6 + (1 - 4) - 7
-4
Calculate 2 + -7 - (-12 - -1).
6
Calculate (-7 - -1) + 9 - 7.
-4
